(z) be the first derivative of z**7/840 + z**5/120 + z**4/4 - z**3 + 3. Let v(k) be the third derivative of r(k). Let u = 1 + -1. Calculate v(u).
6
Suppose 105 = -d + 5*d - 5*k, -4*d - k = -75. Suppose 2*j = 7*j + d. Let n(l) = l**3 + 5*l**2 + 2*l - 2. What is n(j)?
6
Suppose -6*i - 14 = -4*i. Let j(p) = -p**3 - 6*p**2 + 5*p - 7. Determine j(i).
7
Let n(s) be the third derivative of 1/60*s**5 + 0*s + 0 + 4*s**2 + 1/8*s**4 + 1/2*s**3. Determine n(-5).
13
Let v be (-1 + -2 - -2) + -3. Let y be 5/v - 4/(-16). Let i be y/(2*(-2)/16). Let d(r) = r**3 - 3*r**2 - 3*r + 1. What is d(i)?
5
Let j(f) be the second derivative of f**3/6 + f**2/2 + 14*f. What is j(-4)?
-3
Suppose 0*f = f - 18. Let s be -2*f + (0 - 0). Let p be (-8)/s - (-25)/9. Let o(q) = q**3 - 3*q**2 + 3*q - 1. Give o(p).
8
Let c(i) = i**2. Suppose -5*n - 12 = -n. Let g be 6/(-4*n/6). What is c(g)?
9
Let u(f) be the first derivative of f**2 + 2 + 1/3*f**3 - 1/4*f**4 + 0*f. Determine u(2).
0
Suppose 4*j - 46 = -19*j. Let i(g) = -5*g**2 + 3*g - 3. Determine i(j).
-17
Let p = -3 + 15. Let n = p + -6. Let y(w) = -w + 5 + 13 - 6. Determine y(n).
6
Let f be (-3)/(3/2 - 3). Let u(i) be the first derivative of -1/2*i**f - 4*i - 1. What is u(0)?
-4
Let n(g) = 3. Let j(q) = q - 6. Let m(k) = -3*j(k) - 6*n(k). Let l(x) = -x**3 + 7*x**2 + 3. Let z be l(7). Determine m(z).
-9
Let k(y) = y**2 + 7*y + 5. Let q be k(-5). Let i be 12/10 - q/(-25). Let t = -4 - i. Let a(b) = -b - 3. Determine a(t).
2
Let b(j) be the first derivative of -j**5/120 - j**4/6 + j**3/3 - 2. Let z(x) be the third derivative of b(x). Let s be -2*4/(24/15). What is z(s)?
1
Let n(a) = -2*a**3 - 8*a**2 + 14*a + 6. Let j(m) = -m**3 - 4*m**2 + 7*m + 3. Let f(v) = -5*j(v) + 2*n(v). What is f(-5)?
7
Let o(p) = 3 - p - 10 + 5. Suppose -2*h - 2 = -3*h. Suppose -h*v - 10 = -7*v. Calculate o(v).
-4
Let n(p) = p**2 + 5*p - 3*p + 4 + 0*p**2 - 10*p. Determine n(9).
13
Suppose -3*s + 3*s - 5*s = 0. Let d(v) be the third derivative of 2*v**2 + 1/6*v**3 + 0*v - 1/24*v**4 + s. Determine d(-3).
4
Let d(z) = 4*z + 3. Suppose 2*g - 45 = -37. Give d(g).
19
Let f(a) = 7*a**3 + 13*a**2 + 4*a + 6. Let w(u) = 3*u**3 + 6*u**2 + 2*u + 3. Let c(r) = 2*f(r) - 5*w(r). Suppose -9 = 4*i + 3. What is c(i)?
-6
Suppose -5*n = -5, -n - 2 + 3 = -x. Let r(z) = 3*z**2 + x - 4*z**2 - 2*z + 3 - z**2. What is r(-3)?
-9
Suppose -2 = h - 3. Let k(o) = o**3 - 9*o**2 - 2*o + 22. Let x be k(9). Suppose -n + x = -h. Let b(j) = -j - 6. Calculate b(n).
-11
Suppose 10*b - 16 = 6*b. Let a(n) = -2*n + 4. Give a(b).
-4
Let y(g) = g**3 + g**2 - 4*g + 1. Suppose 0 = -15*j + 16*j + 3. Calculate y(j).
-5
Let n(z) be the second derivative of -z**6/720 + z**5/30 - z**4/12 - 3*z. Let s(o) be the third derivative of n(o). Determine s(-4).
8
Suppose -3*c = -3*p + 3, 3*p = -4*c + c + 21. Let i(l) = -3*l - l + c*l - 3*l + 4. Let z(t) = -3*t + 4. Let j(h) = 4*i(h) - 5*z(h). Give j(-4).
0
Let q = -11 - -12. Let p(r) be the first derivative of -7*r**2/2 - r + 1. Give p(q).
-8
Let l(v) be the third derivative of -v**6/120 + v**5/20 - v**4/6 + v**3/2 + v**2. Let m(r) = -r**3 - 13*r**2 - 12*r + 2. Let t be m(-12). What is l(t)?
-1
Let i(s) = -s**3 + 3*s**2 - s + 1. Let h(w) = -4*w**3 + 8*w**2 - 3*w + 3. Let m(d) = -3*h(d) + 8*i(d). Determine m(1).
4
Let n(c) = -c**2 - 7*c + 3. Let l be n(-7). Let a(o) = 0*o**2 + o**l - 2*o - o**2 + 4*o**2 + 1 - 3*o**3. Determine a(2).
-7
Let i(r) = 1 - 23*r**2 - r + 1 + 26*r**2 - 2*r**3. Let f be 5 + (-3 - -2) - 2. Calculate i(f).
-4
Let o(d) be the third derivative of d**2 + 0*d + 0 + 2/3*d**3 + 1/24*d**4. What is o(-3)?
1
Let d be 4 + -3 + 6 - 1. Let i(k) = k**2 - 7*k + 3. Calculate i(d).
-3
Let p(g) be the second derivative of 2*g**3/3 - g**2/2 - 3*g. Give p(3).
11
Let d be (-1)/4*-6*(-12)/(-9). Let a(m) = m**3 - 6*m**2 + 4*m - 3. What is a(d)?
-11
Let m(i) be the second derivative of 0 - 1/3*i**3 - 5*i - 3*i**2. Determine m(-4).
2
Let k(p) = -3*p - 309 - p**3 + 305 - 9*p**2 - 5*p. Determine k(-8).
-4
Let j(z) be the third derivative of -4*z**2 - 1/60*z**5 + 1/2*z**3 + 0*z + 0 + 1/8*z**4. Calculate j(5).
-7
Let i(k) be the second derivative of k**5/120 + k**4/24 - k**3/3 - 4*k. Let c(z) be the second derivative of i(z). Calculate c(3).
4
Let l(k) = -3 - 2*k - 3 - 2 + 5. Determine l(-2).
1
Let h(s) = -s. Let y be h(1). Let u be -2*y/4*2. Let o(c) be the first derivative of -3*c**4/2 + c**2/2 - 2. Determine o(u).
-5
Let c(m) = 2*m + 5. Suppose -b + 5*n = 30, -3*b + b - 2*n = 0. What is c(b)?
-5
Let x(z) = -11*z + 1. Suppose 0 = -0*h + h. Suppose -2*t + 2 = -0*t. Let v be -3*t/(-3) + h. What is x(v)?
-10
Suppose 0 = 5*n - 4*x + 12, -6*x + x + 15 = 4*n. Let m(q) = q**2 - 5*q - 9. Let h be m(7). Let a(f) = -h + 3 - f**2 + 0 + 3. Determine a(n).
1
Let d(l) = -l - 7. Let s = -36 - -42. Determine d(s).
-13
Suppose 5*c - 16 - 4 = 0. Let x be -3 + c*(-1)/(-2). Let l(g) = -2*g**3 + g**2 + g + 1. Give l(x).
3
Let w(l) = -l**3 - 9*l**2 - 8*l - 3. Let g be w(-8). Let d(s) = s**3 + 3*s**2 - 2*s + 4. What is d(g)?
10
Let r(s) be the third derivative of -s**4/24 + 2*s**3/3 + 27*s**2. What is r(5)?
-1
Let u(x) = x**3 + 4*x**2 + 3*x. Let w = -21 - -17. Let l be 0*(-2)/w - 2. Give u(l).
2
Let x be (-3)/2 + 45/6. Let i(t) = -4*t**2 - 5*t - 2. Let p(n) = n**2. Let v(a) = -i(a) - 5*p(a). Determine v(x).
-4
Let r = 0 + 3. Suppose -2*u + r*x - 11 = 0, -5*u + 0 = 3*x + 17. Let i(m) = -2*m + 1. Calculate i(u).
9
Let b(r) = -r**2 - r - 1. Let v be 2/(-9) + -4*(-16)/(-36). Determine b(v).
-3
Let g(n) = -2*n**3 - 6*n**2 + 8*n + 1. Let k be g(-4). Let q(a) = 24*a + 1. Give q(k).
25
Suppose 0*w = 2*w + 2*w. Let p(s) be the third derivative of 1/24*s**4 + 1/3*s**3 - 3*s**2 + 0*s + w. What is p(-6)?
-4
Let j = -4 - 0. Let z = 6 + j. Let m(r) = 7 + z*r**2 + 0*r**2 - r**2. Determine m(0).
7
Let k be (-22)/(-8) + (-2)/(-8). Suppose 0 = 5*p - c - k*c - 2, -p = -5*c - 13. Let g(s) = -4*s. Let v(b) = -3*b. Let n(j) = -5*g(j) + 6*v(j). Give n(p).
-4
Let h(j) = 4*j**3 - j**2. Suppose 4*s - 3*x = 2*x - 21, -3*s + 23 = 4*x. Let a be (-1)/(1/(-6 - -2)). Suppose -a*t - 3 = s. Give h(t).
-5
Let d(p) = 3*p**2 + 3*p - 12. Suppose u + 2 = -0. Let g(t) = 16*t**2 + 16*t - 60. Let q(y) = u*g(y) + 11*d(y). Determine q(0).
-12
Let t(n) = n**2 + 5*n. Suppose -11*v = -9*v + 6. Give t(v).
-6
Let d be 1 + -1 + 1 + -1. Let p(y) = 4*y**2 + 2*y - 6. Let f(l) = 11*l**2 + 5*l - 18. Let u(j) = -3*f(j) + 8*p(j). Determine u(d).
6
Let j(v) = 2*v**2 - 7 + 4*v**2 + 0. Let o = -60 - -55. Let p(u) = 6*u**2 - 6. Let n(m) = o*j(m) + 6*p(m). Calculate n(1).
5
Let x(j) = j**2 - 2*j - 2. Let w(q) = -q**2 + 6*q - 6. Let v be w(3). Give x(v).
1
Suppose 3 = -j + 1. Let n(r) = r + 2. What is n(j)?
0
Let y(w) = 17*w - 29. Let b(j) = 86*j - 144. Let c(z) = 3*b(z) - 14*y(z). Let f(v) = -4*v + 5. Let i = 2 - 0. Let g(l) = i*c(l) + 11*f(l). Calculate g(3).
-9
Let h(x) be the third derivative of 0*x - 1/6*x**3 + 0 - 1/8*x**4 + 2*x**2. What is h(-3)?
8
Let c(p) = -2*p**3 - p**2 - 2*p - 2. Let y be c(-1). Let x be (-4)/(((-2)/(-1))/(-2)). Let f(k) = -3 + 2 + 0 - x*k. Calculate f(y).
-5
Let g(l) = -5*l**2 + 4 - 18*l**3 - 3*l - 3*l**2 + 0*l**2 + 17*l**3. Calculate g(-7).
-24
Let i(q) = -32*q - 11. Let c(m) = -11*m - 4. Let u(k) = -17*c(k) + 6*i(k). Suppose 0 = 5*n - 20, -3*p + 0*p - 18 = -3*n. Determine u(p).
12
Let q(c) = -13*c**3 + c**2 + 4*c + 8. Let o(h) = -3*h**3 + h + 2. Let u(d) = 9*o(d) - 2*q(d). What is u(-2)?
0
Let p = 13 + -14. Let u be p - -2 - (-9)/(-3). Let r(c) = c**2 + c - 2. Give r(u).
0
Suppose -5*u + 0 = 3*s - 10, 4*s = -4*u + 8. Let x(r) be the second derivative of 1/2*r**2 - 3*r - 1/6*r**3 + 1/12*r**4 + 0. What is x(s)?
1
Let y(o) be the third derivative of o**4/12 + o**2 - 49*o. Give y(-2).
-4
Let y(k) = -k**3 + 3*k**2 + 2*k**3 - 4 + k**2. Let b be (0 - (-9)/6)/(3/(-8)). Give y(b).
-4
Let y = 92 + -84. Let m(n) = n**2 - 6*n - 4. Give m(y).
12
Let v be ((-5)/(-2))/(2/4). Let j(t) = -t - v*t + 5*t. Let s = 3 - 5. What is j(s)?
2
Let a(q) = q**3 + 2*q**2 - 6*q - 6. Let s = -7 + 3. Calculate a(s).
-14
Let y = -13 - -13. Suppose -12 = -4*p - y. Let v(w) = -2*w**2 + 3*w. Give v(p).
-9
Let q be 1/(1 - (5 - 3)). Let o = q + -3. Let r(x) = 8*x + 3. Let v(a) = -2*a - 1. Let d(u) = 2*r(u) + 9*v(u). Give d(o).
5
Let t(r) be the first deri